 45 = 4*r - 2*w. Give b(r).
-1
Let j(k) be the third derivative of -k**7/840 + k**6/45 - 7*k**5/120 + 7*k**4/24 - 4*k**3/3 + 6*k**2. Let n(y) be the first derivative of j(y). Give n(7).
7
Let c(b) = b**2 + b + 2. Suppose 2*s = 5*y + 4*s + 18, y + 3*s = -14. Give c(y).
4
Let t be 11/(-33)*((-30)/2 - 0). Let i(a) = a**3 - 4*a**2 - 7*a + 11. Determine i(t).
1
Let q(g) = -8*g**3 - 11*g**2 + 4*g - 4. Let w(s) = -3*s**3 - 5*s**2 + 2*s - 2. Let j(h) = 2*q(h) - 5*w(h). Determine j(2).
2
Let y(g) = 15*g**3 + 77*g**2 + 14*g + 5. Let u(k) = -7*k**3 - 35*k**2 - 7*k - 2. Let r(d) = -13*u(d) - 6*y(d). Calculate r(6).
2
Let t(z) be the third derivative of z**6/120 + z**5/12 - z**4/24 + 7*z**3/3 + 362*z**2. Give t(-6).
-16
Let w(v) be the third derivative of -v**4/12 - 8*v**3/3 - 12*v**2. Let o be w(-5). Let q(g) be the second derivative of -g**3/6 - 2*g**2 + 2*g. Give q(o).
2
Let f(j) = -4 + 10*j**3 - 7*j**3 - 10*j**2 + 5*j**2 - 4*j**3 - 3*j. Determine f(-5).
11
Let m(g) be the first derivative of -g**5/20 + g**4/3 - g**3/6 + 9*g - 13. Let v(i) be the first derivative of m(i). Give v(3).
6
Let v(s) be the second derivative of s**3/6 - 7*s**2/2 + 113*s. Determine v(8).
1
Let k(c) = 5*c**3 + 10*c + 11. Let b(t) = -6*t**3 - 8*t - 9. Let a(s) = 5*b(s) + 4*k(s). Calculate a(1).
-11
Let l(t) be the second derivative of t**3/6 - t**2/2 - t. Let z(q) = q**2 + 9*q - 219. Let h be z(11). What is l(h)?
0
Let u(x) = 2*x. Suppose 35 = 5*d + 5*r, d = 4*d + 2*r - 22. Let i = d + -9. Determine u(i).
-2
Let d(o) = -13*o**2 + 51*o + 8. Let q(k) = 7*k**2 - 28*k - 4. Let c(p) = 6*d(p) + 11*q(p). Determine c(5).
-31
Suppose -4*c + 8 = -0. Let x(t) = 10*t**c - 4*t**2 - 7*t + 2 + 3*t**3 - 2*t**3 + 0*t**3. Calculate x(-7).
2
Let h(m) = 4*m - 6. Let j(i) = -9*i + 6. Let u(v) = 3*h(v) + 2*j(v). Give u(-6).
30
Let d(u) = u - 6. Suppose -b - 8 = x - 0*x, x + 5*b = 8. Let s = 18 + x. Give d(s).
0
Let h(a) = -6*a + 2. Let z = 469 + -471. Give h(z).
14
Let z(c) = -c**2 - 11*c. Let p = -146 + 136. Calculate z(p).
10
Let x(y) = 3*y**2 + 7*y + 7. Let d be (12/(-21))/(-5 - 216/(-42)). Determine x(d).
27
Let b(y) = -58*y**2 + 2*y - 1. Let n(t) = 32*t - 191. Let v be n(6). Give b(v).
-57
Let n(w) = w**3 - 4*w**2 + 3*w + 1. Let g(k) = -4*k - 5. Let l be g(-4). Let i be (0 - -12)/((-654)/436). Let u = i + l. Give n(u).
1
Let w(u) = -u**2 + 3*u + 1. Let p(a) = 2*a**3 - 4*a**2 + 3*a - 2. Suppose -c = 2*c - 33. Suppose 2 = c*d - 10*d. Let j be p(d). Give w(j).
-3
Let p(t) be the first derivative of 11*t**2/2 + t - 90. Determine p(-2).
-21
Let i(l) = 5*l - l**2 + 2*l + 1 + 6*l. Let x(v) = v**3 + 11*v**2 - 13*v + 1. Let s be x(-12). Let u be i(s). Let y(z) = -4*z**3 - z**2 - z + 1. Give y(u).
-5
Let f be (-61)/(-2) + (-2)/4. Suppose 2*u + 10 = 0, -4*u - 6 = 4*r + f. Let l(h) be the first derivative of -h**3/3 - 5*h**2/2 - h - 7107. What is l(r)?
3
Let a(c) = 2*c - 4. Let i(w) = -2*w**2 - 5*w - 3. Let l be i(-3). Let g(v) = 12*v - 23. Let h(r) = l*g(r) + 34*a(r). Calculate h(2).
-6
Let d(l) = -l**3 + 6*l**2 - 3*l + 1. Let r = -43 - -45. Determine d(r).
11
Let t(i) = 41*i + 162. Let m be t(-4). Let v(n) = -1 + n**2 + 5*n - 1 + 3. What is v(m)?
-5
Let t(m) be the third derivative of m**6/120 + m**5/60 + m**4/24 + 5*m**3/6 - 5*m**2 + 12*m. Let w be 6/(-15) - (-4)/10. What is t(w)?
5
Let p(i) = i**2 + 15*i + 6. Let l be 12/(-28) - 190/14. Calculate p(l).
-8
Suppose 2*p = -p, -3*l = 2*p - 3. Suppose -1 - 5 = -2*g. Let t(k) = 0 - k - g + 3. Calculate t(l).
-1
Let j(m) = 3*m + 2 + 9*m + 31*m - 51*m. Determine j(1).
-6
Let q(h) = 37*h**3 + 32*h**2 - 3*h - 17. Let k(d) = 13*d**3 + 11*d**2 - d - 6. Let u(j) = 17*k(j) - 6*q(j). Give u(-5).
-5
Let t be ((-8)/5)/((-6)/45*-3). Let h(c) = -c**3 - 3*c**2 + 4*c - 4. Determine h(t).
-4
Let o(f) be the first derivative of f**3/6 + 2*f**2 + 12*f - 8. Let r(h) be the first derivative of o(h). Determine r(-5).
-1
Suppose -5*v + 0*m + 15 = -m, -4*v = -5*m - 33. Let c(a) = a**3 - 5*a**2 - 6*a. Let p be c(6). Let h(b) = 2*b**2 + p*b**2 + 3*b - 2*b**v - 2 + b**2. Give h(-3).
-2
Let c(g) = -28 + 0*g - g**2 + 0*g. Let o(s) = -5*s**2 - 168*s - 1372. Let n be o(-14). Calculate c(n).
-28
Let h be (-4)/10 + (-10)/(-25)*41. Let v = h + -11. Let g(m) = -m**2 + 7*m. What is g(v)?
10
Let l(p) = -3*p - 26. Let y be l(-11). Let w(o) = -o + y - 14 + 2. Determine w(-5).
0
Let r(d) = -9*d**2 - 22*d + 8. Let s(g) = 5*g**2 + 12*g - 5. Let h(l) = -4*r(l) - 7*s(l). What is h(-3)?
0
Let w be (-2)/(-4 + 2 + 4). Let l(x) = 14*x**3 - x**2 - x. What is l(w)?
-14
Let i be (-8 + 5)*(-2 - -1). Let c be 3/2*(i + -5). Let k(r) = r**2. Give k(c).
9
Let j(t) be the third derivative of -t**6/360 - t**5/24 - t**4/6 + 4*t**3/3 - 7*t**2. Let y(x) be the first derivative of j(x). Calculate y(-4).
0
Let k(w) = w. Let g be 16/(0 - (2 + -4)). Let l be (-8)/(-6)*(-1 + 7). Let h = g - l. Determine k(h).
0
Let j be 18/(-45)*(-1 + -4). Let f(g) = g + 7 - 4*g - g**3 - 6*g**j - 4*g + 2*g**3. What is f(7)?
7
Let v(u) = u**3 - 5*u**2 + 3*u + 2. Suppose 0 = -0*t + t + i + 1, -3*i + 1 = 4*t. Calculate v(t).
-2
Let j(k) = -3*k + 4. Let n(s) = -5*s + 7. Let h(b) = 7*j(b) - 4*n(b). Let x be 6 - ((-160)/(-30))/(-1 - (-5)/3). Calculate h(x).
2
Let t be 144/60*20/8. Let n(w) be the first derivative of -1 - 1/2*w**2 - 2*w**3 + 7*w + 1/4*w**4. Give n(t).
1
Let m(d) = d + 48. Let b be m(-25). Let u = -36 - -17. Let c = b + u. Let h(k) = k - 2. Determine h(c).
2
Let s(d) be the second derivative of d**5/20 + d**4/2 - d**3/3 - 4*d**2 - 48*d. Determine s(-6).
4
Let o(g) = 17*g**3 - 17*g**2 + 3. Let m(t) = -6*t**3 + 6*t**2 - 1. Let d(j) = 8*m(j) + 3*o(j). Let s be (1 - 12/8)/(3/(-12)). What is d(s)?
13
Let l(s) be the second derivative of s**3/3 + 4*s**2 + s. Let m(o) = -4*o - 4. Let g be m(-1). Suppose g = 3*z + 5*p + 43, 6*z = 2*z + 4*p - 4. Give l(z).
-4
Suppose 0 = -2*b + 5*k - 16, -5*b = -b - 2*k. Let y(v) be the second derivative of -v**5/20 + v**4/6 - v**3/6 + v**2 - v. Calculate y(b).
0
Let m(g) = -g**3 - 3*g**2 - 4*g - 6. Let i be (7 - 1) + 26 + -35. Determine m(i).
6
Let h(c) be the first derivative of -c**4/4 - 23*c**3/3 + 11*c**2 - 44*c + 116. What is h(-24)?
4
Suppose -2*k - 3*w + 194 = 0, 2*k + 2*w = 209 - 19. Suppose 85 = 2*i + k. Let b(z) = 2*z + 2. Calculate b(i).
-4
Let s be (-70)/(-42) + 276/18. Let g(f) = f**2 - 20*f + 49. Calculate g(s).
-2
Let t(s) = -5*s**3 - 1. Let q = -246 + 145. Let a = 100 + q. Determine t(a).
4
Let f = 41 - 39. Let a(o) = o + o - o**f + 4 - 3*o. Calculate a(0).
4
Let p be ((-10)/(-20))/((-3)/18). Let o(g) be the third derivative of -g**4/12 + g**3/6 + 2*g**2. Calculate o(p).
7
Let g(m) = -5*m**2 + 5*m + 20. Let f(w) = -11*w**2 + 14*w + 41. Let b(s) = -4*f(s) + 9*g(s). Give b(-12).
4
Suppose 5*w + 3*z - 1 = 0, 5*z - 10 + 35 = 5*w. Let p(t) = -1 + 122*t**2 - 56*t**2 + t**3 - 66*t**2. Give p(w).
7
Let k(i) be the third derivative of -i**6/120 + i**5/12 - i**4/4 + 5*i**3/6 - 3*i**2 - 21*i - 7. Let p be ((-12)/(-10))/((-6)/(-20)). Determine k(p).
-3
Let s be (-9)/(-2) - 1/2. Let h(g) = g**3 + 22 + g - 16 + 2*g - 7 - 5*g**2. What is h(s)?
-5
Suppose 2*x - 2 = 4*x - 3*p, -p = -x + 1. Suppose -x*t + 50 + 25 = 0. Let h be ((-24)/10)/((-6)/t). Let u(v) = v + 3. Calculate u(h).
9
Let g(y) = -y**2 - 8*y - 7. Let b(c) = 0*c - 24*c**2 - 2*c + c**3 + 4*c + 63 - 5*c. Let q be b(24). Give g(q).
-16
Let s = 26 + -26. Suppose -f - 3*p - 6 = -6*p, 0 = 4*f + 5*p - 10. Let i(w) = f*w**2 + 20*w + w**2 - 6 - 20*w. Determine i(s).
-6
Let y(j) = 0*j**2 - 2*j**2 - 3 - j - 2*j**3 + 3*j**3. Suppose 25 = -25*h + 100. What is y(h)?
3
Let a(f) be the third derivative of f**7/5040 - f**6/144 - 17*f**5/60 + 27*f**2. Let r(d) be the third derivative of a(d). What is r(7)?
2
Let b(u) = -472*u**2 + 236*u**2 + 233*u**2 - 1. Let c(i) = i**3 + i**2 + i + 2. Let h be c(0). What is b(h)?
-13
Suppose 43 - 24 = 2*w - 3*c, -10 = w + 5*c. Let d(r) = -r**3 + 5*r**2 - 4*r + 6. What is d(w)?
-14
Let s(n) be the first derivative of -n**4/4 + n**2/2 - 12*n - 1. Let w(x) = x**2 + 27*x + 182. Let h be w(-14). Determine s(h).
-12
Let p(k) = -k**3 + 2*k**2. Suppose 5*o = 3*b + 11, 4*o - 2*b - 7 - 1 = 0. Suppose 3*m + o = 16. Suppose 14*j = 9*j + m. Calculate p(j).
1
Let f be ((-44)/(-308))/((-1)/(-49)). Let p(a) = a - 5. Give p(f).
2
Let o be 